a(-2). Let g(r) = 7*r**3 + 6*r**2 - 7*r + 4. Let n(v) = 6*v**3 + 6*v**2 - 6*v + 3. Let h(i) = x*n(i) - 5*g(i). Calculate h(-6).
4
Suppose v - 6 + 1 = 0. Let m(g) be the second derivative of 3/2*g**2 + 1/2*g**3 + 1/4*g**4 + 1/20*g**v - g + 0. Calculate m(-3).
-6
Let t(h) = 11*h + h**2 - 10*h + 5*h. Give t(-3).
-9
Let f = -53 - -52. Let a(o) = -3*o**2 - o. What is a(f)?
-2
Let b = -18 + 16. Let x(r) = -2*r**3 - 2*r**2 - 3*r - 2. What is x(b)?
12
Let d(m) = -m**3 + m**2 - m + 1. Let a(n) = -5*n**3 + 12*n**2 - n + 8. Let h(k) = -a(k) + 6*d(k). Let f = -11 + 6. What is h(f)?
-2
Let j(b) = b**2 + b - 3. Suppose -2*v = v + 12, 3*c + 25 = -4*v. Calculate j(c).
3
Let l(w) = 4 - 4 + 1 - w**2. Let r be (-28)/210 - (-86)/(-30). Let t(a) = -a**3 - 2*a**2 + 4*a + 2. Let d be t(r). Calculate l(d).
0
Let n(q) = -80*q - 2 - 78*q + 0 + 161*q. Give n(2).
4
Let o(v) = 5*v**2 + 2*v + 3. Let k(n) = -n**3 - n**2 + n + 1. Let a(m) = -k(m) - o(m). What is a(4)?
-16
Let x(g) = -4*g**2 + g + 1. Let v be x(-1). Let n(s) = 2*s - 5. What is n(v)?
-13
Let m(v) = v**2 - v - 4. Suppose 3*p + 10 = 8*p. Let g = 5 - -2. Suppose p*h = g*h. Determine m(h).
-4
Let x(v) = -v. Let j be (-3)/(-42)*12*7. What is x(j)?
-6
Suppose -9*y - 34 = -7. Let m(h) = h**2 + 4*h + 3. Calculate m(y).
0
Let f(d) = d**2 - 10*d + 1. Let v be f(10). Let r(l) = -3*l**3 + 2*l - 1. Determine r(v).
-2
Let t(l) = -2*l - 5. Let r(w) = 8*w + 9. Let z(g) = 39*g + 45. Let v(u) = -24*r(u) + 5*z(u). Let m(n) = 9*t(n) + 5*v(n). Give m(-1).
3
Let g(o) = -o**2 - 7*o + 6. Let s = -95 - -88. Determine g(s).
6
Let n(x) = x - 9. Let u be -9 + (1 + 3 - 2). Let g(v) = -2*v - 9. Let z be g(u). Suppose 10 = -3*k - 0*h + z*h, -2*h = -2*k. Determine n(k).
-4
Let u(p) = p**2 - 6*p - 3. Let m be u(6). Let t(y) = 2*y**2 + y - 3. Give t(m).
12
Let h(j) be the third derivative of -5*j**4/12 - 57*j**2. Calculate h(1).
-10
Let v(q) = q - 8. Let c be ((-25)/3)/((-3)/9). Suppose -3*b - c = -f + 2*b, -4*f - b + 16 = 0. Determine v(f).
-3
Suppose 17*p - 21*p - 16 = 0. Let l(h) = -h**3 - 5*h**2 - 3*h + 2. Give l(p).
-2
Let t(o) = -2*o**2 - 3*o + 3. Suppose 0*q + 18 = 2*j - 2*q, 0 = -j + 3*q + 17. Suppose p + 0*x = -j*x + 22, -3*p = -3*x + 6. Determine t(p).
-11
Let x(k) = 5*k**3 + 13*k**2 - k - 13. Let w(q) = -4*q**3 - 12*q**2 + 2*q + 12. Let i(m) = 6*w(m) + 5*x(m). Calculate i(6).
13
Let g(b) = -3*b**3 + 3*b**2 + 7. Let f(a) = -2*a**3 + 2*a**2 + 6. Let l(s) = 4*f(s) - 3*g(s). Determine l(3).
21
Let p(q) = -q**3 + 4*q**2. Let t be p(4). Let h be (-1 + 1 + -1)*t. Suppose -4*c - c + 5 = h. Let y(x) = -5*x**2 + 1. Calculate y(c).
-4
Suppose -3*a = -3*k + 9, 0 = -a - 4*k - 1 + 3. Let o(m) = 4*m - 2. What is o(a)?
-10
Suppose 0 = -5*t - 4 + 14. Suppose 1 = t*f + 3. Let y(b) = 8*b**3 - 5*b - 1. Let j(g) = g. Let h(i) = 5*j(i) + y(i). Determine h(f).
-9
Let n(y) = y**3 + 4*y**2 + 3*y + 4. Let g be n(-3). Let q(m) be the second derivative of m**3/2 + 2*m - 9. What is q(g)?
12
Let t(x) be the second derivative of 0 - 1/5*x**5 + 1/6*x**4 + 8*x + 1/3*x**3 + 1/2*x**2. Suppose -1 = a - 0. Determine t(a).
5
Let d(s) = s**2 - 2*s + 2. Let z(u) = u**2 + 4*u + 5. Let q be z(-4). Let k = q + -2. What is d(k)?
5
Suppose -3*f + 5 = -2*z, -z + 4 = z. Let m be 4 + f*(-4)/6. Let t(v) = v - 2 + 1 - 3. Determine t(m).
-2
Let w be (-2)/(2 + -4 + 0). Let v(i) = -7*i + 3 + 1 - 3 - 2. Give v(w).
-8
Let t(k) = k**3 + 1. Let a(y) = y + 0*y**3 - 12 - 3*y**2 + 11 + 3*y**3. Let m(s) = -a(s) + 4*t(s). What is m(-4)?
-7
Let g(m) = 3*m**2 + 1. Let k be g(-1). Let r(l) = -5*l**3 + 5*l**2 + 11*l + 3. Let h(d) = 2*d**3 - 2*d**2 - 4*d - 1. Let z(p) = k*r(p) + 11*h(p). What is z(-1)?
-3
Let r(m) = -2*m - 1. Let u be (17 + -15)/((-1)/2). Calculate r(u).
7
Let v(d) = -8 + 2 + 4 + 4*d - 6. Let b be v(4). Let y(k) = k**2 - 10*k + 11. Calculate y(b).
-5
Let n(b) = b**2 - b - 2. Let l = -7 - -10. Determine n(l).
4
Suppose -2*k + 0 = 2. Let s be -3 - 5/(1/k). Let u(l) = -4 - 4*l**3 + 3*l**s + 3*l**3 + 5 + 5*l. Give u(4).
5
Let f = 1 + 2. Let i(d) = 2*d**2 - 2*d**2 + 5*d**2 + 1 + 0*d**3 + 4*d + d**f. Determine i(-4).
1
Let u = 14 - 10. Let f(l) = -l. Calculate f(u).
-4
Let y(t) = -t**3 - 3*t**2 + 4*t + 4. Let b be y(-4). Let c be b/3*(-3)/2. Let g(x) = -x**3 + x - 2. Give g(c).
4
Let y(b) = -9*b + 1. Suppose 3*k = 5*h - 21, -8 = k + 3*h - 5*h. Let m be 3*(-3 - -2) - k. What is y(m)?
10
Let w(d) = -d**2 - 7*d - 9. Let c(t) = 1. Let k(f) = 4*c(f) + w(f). Let a = -13 + 8. Give k(a).
5
Let k = 5 - 12. Let j = 13 + k. Let w(z) = 3*z - z**2 + 0*z + 8 + 2*z. Give w(j).
2
Let n(z) = z**3 + z**2 - 5. Let b = -40 + 40. Calculate n(b).
-5
Let n be 2/1 - (3 + -4). Let i(b) = 6*b - 26. Let t(a) = -2*a + 9. Suppose 47 = -3*h + q, 3*h + 2*q + q + 63 = 0. Let s(m) = h*t(m) - 6*i(m). Give s(n).
-3
Suppose -3*l - l - 2 = 2*k, k = -4*l - 11. Let j be 58/6 - 6/k. Suppose j*m = 4*m + 25. Let i(d) = -d**3 + 6*d**2 - 6*d + 2. Give i(m).
-3
Let o(b) = -3*b**2 - 3*b - 40 - 3*b**3 + 8*b**2 + 39 + 4*b**3. What is o(-5)?
14
Let d(i) be the second derivative of 1/20*i**5 + i + 0*i**4 + 0 + 1/2*i**2 - 1/2*i**3. Let t(l) = -l**2 + 12*l - 9. Let u be t(11). Determine d(u).
3
Let s(f) = -2 - 5 + 3*f + 4. Suppose 0 = -4*o - 2*z + 18, 5*z + 19 = o - 2. Let i(u) = -u**2 + 8*u - 8. Let y be i(o). Determine s(y).
9
Let o(x) be the second derivative of x**3/6 - 15*x**2/2 - 58*x. What is o(8)?
-7
Let q(m) = 2*m - 7. Let x(u) = u**3 + 4*u**2 - u. Let c be x(-4). Let l be q(c). Let p(y) = -y**2 + y. Calculate p(l).
0
Let v(t) = t**2 - t + 3. Let f be 2/(15/6 + -2). Suppose 4 = -2*c - 4*h, -f*c + 2*h = 3*h - 6. Suppose 0 = c*s - 5*q + 15, 2*s + 5*q - 6 = 9. What is v(s)?
3
Let u(s) = -s**2 - 2*s - 1. Let l be (4/4)/((-2)/(-6)). Suppose -l*c = c. Let q(g) = g - 1. Let i be q(c). What is u(i)?
0
Let j(t) = -t**3 + 5*t**2 - 3*t - 3. Suppose 3*d = 4*d - 3. What is j(d)?
6
Let z(p) = -p**3 - 6*p**2 - 4*p - 2. Let k(v) = -5*v**2 - 3*v + 2. Let m be k(1). Suppose 0 = -2*a - 21 - 3. Let j be (-15)/m*a/15. Give z(j).
-10
Let k(b) be the second derivative of -b + 0 - 3/2*b**2 + 1/6*b**3. Determine k(3).
0
Let d(l) = -15 - l**3 + 6*l + 6 + 4*l**2 + 4 + 6. Suppose 0 = 2*z + n - 7, -n + 6 = n. Suppose -j = z*j - 15. What is d(j)?
6
Let n(d) = d**2 - 6*d + 5. Let k(a) = -a**2 + 8*a - 2. Let s be k(7). Let r = -3 + s. Let i(x) = 4*x - 3. Let h be i(r). Calculate n(h).
0
Let n(l) = l**2 + 6*l + 9. Let h be n(-6). Let o = 14 - h. Suppose -5*c = o*j, j + 6 = c - 0*j. Let p(x) = -x**2 + 2*x + 1. Give p(c).
-2
Let m(t) = t**3 - 3*t**2 + 3*t. Suppose 6 = s + 4. Give m(s).
2
Let v = 1 - 7. Let i = 2 - 6. Let z(o) = -3*o**2 + 6*o - 9. Let m(j) = 4*j**2 - 6*j + 10. Let x(n) = i*m(n) - 5*z(n). Give x(v).
5
Let k(v) = -4*v**3 - 5*v**2 - 5*v - 7. Let b(o) = 5*o**3 + 6*o**2 + 6*o + 8. Let i(r) = -5*b(r) - 6*k(r). Give i(2).
-6
Let b(l) be the third derivative of -5/6*l**3 - 1/24*l**4 + 2*l**2 + 0*l + 0. Let p(m) = m - 13. Let f be p(8). Determine b(f).
0
Let t(l) = 5 + 2*l**3 + 4*l**2 - 3*l + 0*l**2 - 3*l**3 + 0. Let q = 4 + -4. Let d(w) = w**3 + w**2 + 4. Let b be d(q). What is t(b)?
-7
Let i(z) = 15*z - 9. Let q(r) = 4*r**2 - r - 1. Let x be q(2). Let d(n) = 7*n - 4. Let y(m) = x*d(m) - 6*i(m). Give y(-6).
-4
Let v(g) = -g**2 - 11*g - 20. Let i be v(-9). Let j(n) = -n**3 - 3*n**2 - n. Give j(i).
-2
Let i(w) be the third derivative of -w**4/24 - w**3/6 + w**2. Suppose 1 + 5 = 4*q + 2*t, 4*q + 4*t = 0. What is i(q)?
-4
Let g(k) = 3*k + 13. Let h(c) = c + 6. Let w(j) = 6*g(j) - 13*h(j). Determine w(-3).
-15
Let w(y) = y**2 - 5*y - 3. Let l be (2 - (0 + 0)) + 4. Determine w(l).
3
Suppose 4 = 2*r + t, 0 = r - 6*r + 2*t + 19. Let q(b) = r*b - 4*b - 2 + 0. Calculate q(4).
-6
Let v(r) = 5*r**2 - 6*r - 1. Let k(s) = -14*s**2 + 18*s + 3. Let g(q) = -6*k(q) - 17*v(q). Give g(-5).
4
Let m be 0 + 1 - (3 - 7). Let g(b) = b - 1. What is g(m)?
4
Let m(v) = -6*v - 2*v + 4*v + 3. Let q(n) = -21*n + 16. Let c(l) = -11*m(l) + 2*q(l). Give c(2).
3
Let r(u) be the third derivative of -u**4/24 + 5*u**3/6 - 3*u**2. Determine r(-6).
11
Let y(v) be the second derivative of -v**5/20 + 5*v**4/12 + 4*v**3/3 - v**2/2 - 2*v. Determine y(6).
11
Suppose -t - 6 = -4*n, -5*n - 2*t - 3*t + 20 = 0. Let r(c) = -c - 1 + c - 6*c - c**n. Suppose -4*o - 23 = 3*w - 9*o, o - 31 = 5*w. What is 